{"id":90,"date":"2014-04-17T11:30:39","date_gmt":"2014-04-17T18:30:39","guid":{"rendered":"http:\/\/classesbranchees.csf.bc.ca\/lapasserelle\/?page_id=90"},"modified":"2022-06-04T12:16:58","modified_gmt":"2022-06-04T19:16:58","slug":"accueil","status":"publish","type":"page","link":"https:\/\/classesbranchees.csf.bc.ca\/lapasserelle\/","title":{"rendered":"Accueil"},"content":{"rendered":"<p style=\"text-align: center\">Bienvenue au site Web<\/p>\n<p style=\"text-align: center\">COIN LECTURE 2.0<\/p>\n<p style=\"text-align: center\">de Mme Mireille<\/p>\n<p><strong>Sur ce site, vous retrouverez :<\/strong><\/p>\n<ul>\n<li>Un espace pour les \u00e9l\u00e8ves, les parents ainsi que les enseignants<\/li>\n<li>Toutes informations mises \u00e0 jour li\u00e9es \u00e0 la lecture<\/li>\n<\/ul>\n<p>&nbsp;<\/p>\n<p><strong>Liens rapides pour :<\/strong><\/p>\n<p>Les \u00e9l\u00e8ves :<\/p>\n<ul>\n<li>Courriels sur :\u00a0\u00a0<a href=\"http:\/\/courriel.csf.bc.ca\/zimbra\/?login\">Zimbra<\/a><\/li>\n<li>Documents et dossiers en ligne sur :\u00a0<a href=\"https:\/\/login.microsoftonline.com\/\">Onedrive\u00a0<\/a><\/li>\n<li>Devoirs sur :\u00a0<a href=\"https:\/\/login.microsoftonline.com\/common\/oauth2\/v2.0\/authorize?response_type=id_token&amp;scope=openid%20profile&amp;client_id=5e3ce6c0-2b1f-4285-8d4b-75ee78787346&amp;redirect_uri=https%3A%2F%2Fteams.microsoft.com%2Fgo&amp;state=eyJpZCI6IjEwN2UwNjExLTZjMzgtNDNkOS05N2Y3LWM5NTM1YjhiMGY2MSIsInRzIjoxNjU0MzY5Njk5LCJtZXRob2QiOiJyZWRpcmVjdEludGVyYWN0aW9uIn0%3D&amp;nonce=91e9bb8c-afa6-4458-9c67-0a0c500727ae&amp;client_info=1&amp;x-client-SKU=MSAL.JS&amp;x-client-Ver=1.3.4&amp;client-request-id=a80e06a1-786d-4a46-94c6-09e959b17950&amp;response_mode=fragment\">TEAMS<\/a>\u00a0(aussi accessible via son compte\u00a0<a href=\"https:\/\/login.microsoftonline.com\/\">Onedrive\u00a0<\/a>)<\/li>\n<li>Emprunts et r\u00e9servations de livres sur : <a href=\"https:\/\/csf.follettdestiny.ca\/\">Follett<\/a><\/li>\n<li>Le <a href=\"https:\/\/sterope.csf.bc.ca\/otrs\/customer.pl?Action=Logout\">syst\u00e8me de requ\u00eates<\/a> du CSF (probl\u00e8mes technologiques)<\/li>\n<\/ul>\n<p>Les parents et enseignants :<\/p>\n<ul>\n<li>Le site officiel du <a href=\"http:\/\/www.csf.bc.ca\">CSF<\/a><\/li>\n<li>Le site du gouvernement li\u00e9 au <a href=\"https:\/\/curriculum.gov.bc.ca\/fr\/curriculum\">programme d&rsquo;\u00e9tudes\u00a0<\/a><\/li>\n<li>Le site de la <a href=\"http:\/\/www.fpfcb.bc.ca\/en\">F\u00e9d\u00e9ration des parents francophones de Colombie-Britannique<\/a><\/li>\n<\/ul>\n","protected":false},"excerpt":{"rendered":"<p>Bienvenue au site Web COIN LECTURE 2.0 de Mme Mireille Sur ce site, vous retrouverez : Un espace pour les \u00e9l\u00e8ves, les parents ainsi que les enseignants Toutes informations mises \u00e0 jour li\u00e9es \u00e0 la lecture &nbsp; Liens rapides pour : Les \u00e9l\u00e8ves : Courriels sur :\u00a0\u00a0Zimbra Documents et dossiers en ligne sur :\u00a0Onedrive\u00a0 Devoirs &hellip; <a href=\"https:\/\/classesbranchees.csf.bc.ca\/lapasserelle\/\" class=\"more-link\">Continuer la lecture de <span class=\"screen-reader-text\">Accueil<\/span> <span class=\"meta-nav\">&rarr;<\/span><\/a><\/p>\n","protected":false},"author":5,"featured_media":0,"parent":0,"menu_order":0,"comment_status":"closed","ping_status":"closed","template":"","meta":[],"_links":{"self":[{"href":"https:\/\/classesbranchees.csf.bc.ca\/lapasserelle\/wp-json\/wp\/v2\/pages\/90"}],"collection":[{"href":"https:\/\/classesbranchees.csf.bc.ca\/lapasserelle\/wp-json\/wp\/v2\/pages"}],"about":[{"href":"https:\/\/classesbranchees.csf.bc.ca\/lapasserelle\/wp-json\/wp\/v2\/types\/page"}],"author":[{"embeddable":true,"href":"https:\/\/classesbranchees.csf.bc.ca\/lapasserelle\/wp-json\/wp\/v2\/users\/5"}],"replies":[{"embeddable":true,"href":"https:\/\/classesbranchees.csf.bc.ca\/lapasserelle\/wp-json\/wp\/v2\/comments?post=90"}],"version-history":[{"count":11,"href":"https:\/\/classesbranchees.csf.bc.ca\/lapasserelle\/wp-json\/wp\/v2\/pages\/90\/revisions"}],"predecessor-version":[{"id":1637,"href":"https:\/\/classesbranchees.csf.bc.ca\/lapasserelle\/wp-json\/wp\/v2\/pages\/90\/revisions\/1637"}],"wp:attachment":[{"href":"https:\/\/classesbranchees.csf.bc.ca\/lapasserelle\/wp-json\/wp\/v2\/media?parent=90"}],"curies":[{"name":"wp","href":"https:\/\/api.w.org\/{rel}","templated":true}]}}