{"id":431,"date":"2014-05-20T10:43:05","date_gmt":"2014-05-20T17:43:05","guid":{"rendered":"http:\/\/classesbranchees.csf.bc.ca\/lapasserelle\/?page_id=431"},"modified":"2016-12-12T14:11:30","modified_gmt":"2016-12-12T22:11:30","slug":"contacts","status":"publish","type":"page","link":"https:\/\/classesbranchees.csf.bc.ca\/lapasserelle\/contacts\/","title":{"rendered":"Contacts"},"content":{"rendered":"<p>Num\u00e9ro de t\u00e9l\u00e9phone : <span style=\"color: #993366\">(604) 932-9602<\/span><\/p>\n<p>Num\u00e9ro de t\u00e9l\u00e9copieur : <span style=\"color: #993366\">(604) 932-9608<\/span><\/p>\n<p>Heures de service : <span style=\"color: #993366\">du lundi au vendredi de 8h \u00e0 16h (heure du pacifique) \/ le bureau est ferm\u00e9 les jours de cong\u00e9<\/span><\/p>\n<p>Adresse courriel pour les absences : &#97;&#x6e;&#110;&#x69;c&#x6b;_&#116;&#x72;&#101;&#x6d;&#98;&#x6c;a&#x79;f&#111;&#x72;&#101;&#x73;t&#x40;c&#x73;&#x66;&#46;&#x62;&#99;&#x2e;c&#x61;<\/p>\n<p>Adresse de l&rsquo;\u00c9cole La Passerelle : \u00a01509 Spring Creek drive, Whistler, C.-B., V0N 1B1<\/p>\n<p><a href=\"http:\/\/classesbranchees.csf.bc.ca\/lapasserelle\/wp-content\/uploads\/sites\/3\/Capture-d\u2019\u00e9cran-2014-05-20-\u00e0-10.45.12.png\" data-rel=\"lightbox-image-0\" data-rl_title=\"\" data-rl_caption=\"\" title=\"\"><img loading=\"lazy\" class=\"aligncenter size-full wp-image-434\" src=\"http:\/\/classesbranchees.csf.bc.ca\/lapasserelle\/wp-content\/uploads\/sites\/3\/Capture-d\u2019\u00e9cran-2014-05-20-\u00e0-10.45.12.png\" alt=\"Carte de l'\u00e9cole\" width=\"745\" height=\"510\" \/><\/a><\/p>\n","protected":false},"excerpt":{"rendered":"<p>Num\u00e9ro de t\u00e9l\u00e9phone : (604) 932-9602 Num\u00e9ro de t\u00e9l\u00e9copieur : (604) 932-9608 Heures de service : du lundi au vendredi de 8h \u00e0 16h (heure du pacifique) \/ le bureau est ferm\u00e9 les jours de cong\u00e9 Adresse courriel pour les absences : &#x61;&#110;n&#x69;&#99;k&#x5f;&#116;r&#x65;&#109;b&#x6c;&#97;y&#x66;&#x6f;r&#x65;&#x73;&#116;&#x40;&#x63;&#115;&#x66;&#x2e;&#98;c&#x2e;&#99;a Adresse de l&rsquo;\u00c9cole La Passerelle : \u00a01509 Spring Creek drive, Whistler, C.-B., &hellip; <a href=\"https:\/\/classesbranchees.csf.bc.ca\/lapasserelle\/contacts\/\" class=\"more-link\">Continuer la lecture de <span class=\"screen-reader-text\">Contacts<\/span> <span class=\"meta-nav\">&rarr;<\/span><\/a><\/p>\n","protected":false},"author":5,"featured_media":0,"parent":0,"menu_order":0,"comment_status":"closed","ping_status":"closed","template":"","meta":[],"_links":{"self":[{"href":"https:\/\/classesbranchees.csf.bc.ca\/lapasserelle\/wp-json\/wp\/v2\/pages\/431"}],"collection":[{"href":"https:\/\/classesbranchees.csf.bc.ca\/lapasserelle\/wp-json\/wp\/v2\/pages"}],"about":[{"href":"https:\/\/classesbranchees.csf.bc.ca\/lapasserelle\/wp-json\/wp\/v2\/types\/page"}],"author":[{"embeddable":true,"href":"https:\/\/classesbranchees.csf.bc.ca\/lapasserelle\/wp-json\/wp\/v2\/users\/5"}],"replies":[{"embeddable":true,"href":"https:\/\/classesbranchees.csf.bc.ca\/lapasserelle\/wp-json\/wp\/v2\/comments?post=431"}],"version-history":[{"count":9,"href":"https:\/\/classesbranchees.csf.bc.ca\/lapasserelle\/wp-json\/wp\/v2\/pages\/431\/revisions"}],"predecessor-version":[{"id":1466,"href":"https:\/\/classesbranchees.csf.bc.ca\/lapasserelle\/wp-json\/wp\/v2\/pages\/431\/revisions\/1466"}],"wp:attachment":[{"href":"https:\/\/classesbranchees.csf.bc.ca\/lapasserelle\/wp-json\/wp\/v2\/media?parent=431"}],"curies":[{"name":"wp","href":"https:\/\/api.w.org\/{rel}","templated":true}]}}