{"id":411,"date":"2014-05-20T10:19:34","date_gmt":"2014-05-20T17:19:34","guid":{"rendered":"http:\/\/classesbranchees.csf.bc.ca\/lapasserelle\/?page_id=411"},"modified":"2017-02-22T20:02:05","modified_gmt":"2017-02-23T04:02:05","slug":"ressources-pour-les-parents","status":"publish","type":"page","link":"https:\/\/classesbranchees.csf.bc.ca\/lapasserelle\/ressources-pour-les-parents\/","title":{"rendered":"Ressources pour les parents"},"content":{"rendered":"<p style=\"text-align: center\"><strong><span style=\"text-decoration: underline\">Aide aux devoirs en ligne<\/span><\/strong><\/p>\n<p>Veuillez demander \u00e0 la direction d&rsquo;\u00e9cole pour de plus amples d\u00e9tails. Voici le site Internet o\u00f9 vous pouvez vous inscrire:\u00a0<a href=\"http:\/\/voilalearning.com\/en\/if-your-school-board-has-registered\/\">http:\/\/voilalearning.com\/en\/if-your-school-board-has-registered\/<\/a><\/p>\n<p style=\"text-align: center\"><span style=\"text-decoration: underline\"><strong>Dix minutes par jour pour changer le monde<\/strong><\/span><\/p>\n<p style=\"text-align: center\">Nous vous invitons \u00e0 consulter cet article qui d\u00e9montre bien l&rsquo;importance de d\u00e9velopper l&rsquo;amour de la lecture chez votre enfant et l&rsquo;importance de d\u00e9velopper de bonnes habitudes en litt\u00e9ratie \u00e0 la maison: <a href=\"http:\/\/plus.lapresse.ca\/screens\/f4bb3680-1746-49eb-9f99-7ab4763f7a7e|_0.html\">http:\/\/plus.lapresse.ca\/screens\/f4bb3680-1746-49eb-9f99-7ab4763f7a7e|_0.html<\/a><\/p>\n<p style=\"text-align: center\"><span style=\"text-decoration: underline\"><strong>R\u00e9sum\u00e9 des informations donn\u00e9es \u00e0 la rencontre de parent du 14 septembre 2016<\/strong><\/span><\/p>\n<p style=\"text-align: center\"><a href=\"http:\/\/classesbranchees.csf.bc.ca\/lapasserelle\/ressources-pour-les-parents\/attachment\/tableau-d_importance-de-la-lecture-a-la-maison\/\" rel=\"attachment wp-att-1436\">Tableau d_importance de la lecture \u00e0 la maison<\/a><\/p>\n<p style=\"text-align: center\"><a href=\"http:\/\/classesbranchees.csf.bc.ca\/lapasserelle\/ressources-pour-les-parents\/attachment\/strategie-mathematique-parents\/\" rel=\"attachment wp-att-1437\">strat\u00e9gie math\u00e9matique (parents)<\/a>\u00a0\/ primaire<\/p>\n<p style=\"text-align: center\"><a href=\"http:\/\/classesbranchees.csf.bc.ca\/lapasserelle\/ressources-pour-les-parents\/attachment\/strategie-mathematique-parents-intermediaire\/\" rel=\"attachment wp-att-1438\">strat\u00e9gie math\u00e9matique (parents) \/ Intermediaire<\/a><\/p>\n<p style=\"text-align: center\"><span style=\"text-decoration: underline\"><strong>Le nouveau programme : liens utiles<\/strong><\/span><\/p>\n<p style=\"text-align: left\">Les comp\u00e9tences essentielles:\u00a0<span id=\"OBJ_PREFIX_DWT4110_com_zimbra_url\" class=\"Object\"><span id=\"OBJ_PREFIX_DWT4114_com_zimbra_url\" class=\"Object\"><a href=\"https:\/\/youtu.be\/gAuB4wMo1ZA\" data-rel=\"lightbox-video-0\" target=\"_blank\">https:\/\/youtu.be\/gAuB4wMo1ZA<\/a><\/span><\/span><\/p>\n<p style=\"text-align: left\">La structure des programmes d&rsquo;\u00e9tudes:\u00a0<span id=\"OBJ_PREFIX_DWT4111_com_zimbra_url\" class=\"Object\"><span id=\"OBJ_PREFIX_DWT4115_com_zimbra_url\" class=\"Object\"><a href=\"https:\/\/youtu.be\/K4YPGQe5Fvo\" data-rel=\"lightbox-video-1\" target=\"_blank\">https:\/\/youtu.be\/K4YPGQe5Fvo<\/a><\/span><\/span><\/p>\n<p style=\"text-align: left\">Les grandes id\u00e9es:\u00a0<span id=\"OBJ_PREFIX_DWT4112_com_zimbra_url\" class=\"Object\"><span id=\"OBJ_PREFIX_DWT4116_com_zimbra_url\" class=\"Object\"><a href=\"https:\/\/youtu.be\/zYUsEpsPpig\" data-rel=\"lightbox-video-2\" target=\"_blank\">https:\/\/youtu.be\/zYUsEpsPpig<\/a><\/span><\/span><\/p>\n<p style=\"text-align: left\">Guide d&rsquo;orientation:\u00a0<span id=\"OBJ_PREFIX_DWT4113_com_zimbra_url\" class=\"Object\"><span id=\"OBJ_PREFIX_DWT4117_com_zimbra_url\" class=\"Object\"><a href=\"https:\/\/curriculum.gov.bc.ca\/sites\/curriculum.gov.bc.ca\/files\/pdf\/Curriculum_Redesign_Brochure_FR.pdf\" target=\"_blank\">https:\/\/curriculum.gov.bc.ca\/sites\/curriculum.gov.bc.ca\/files\/pdf\/Curriculum_Redesign_Brochure_FR.pdf<\/a><\/span><\/span><\/p>\n<p style=\"text-align: left\">Site officiel du nouveau programme :\u00a0<a href=\"https:\/\/curriculum.gov.bc.ca\/fr\/curriculum\">https:\/\/curriculum.gov.bc.ca\/fr\/curriculum<\/a><\/p>\n<div><\/div>\n<p style=\"text-align: center\"><strong><span style=\"text-decoration: underline\">L&rsquo;\u00e9criture cursive d\u00e8s le primaire<\/span><\/strong><\/p>\n<p style=\"text-align: left\">Lisez cet article et visionnez cette vid\u00e9o pour conna\u00eetre le r\u00e9sultat des recherches:\u00a0<a href=\"https:\/\/www.youtube.com\/watch?v=Ti3vb5_JU-0\" data-rel=\"lightbox-video-3\">https:\/\/www.youtube.com\/watch?v=Ti3vb5_JU-0<\/a><\/p>\n<p><a href=\"http:\/\/www.nouvelles.umontreal.ca\/recherche\/sciences-de-leducation\/20130903-lapprentissage-des-lettres-attachees-des-la-premiere-annee-est-profitable-aux-eleves.html#.VeL59LasUjw.facebook\">http:\/\/www.nouvelles.umontreal.ca\/recherche\/sciences-de-leducation\/20130903-lapprentissage-des-lettres-attachees-des-la-premiere-annee-est-profitable-aux-eleves.html#.VeL59LasUjw.facebook<\/a><\/p>\n<p>Une entrevue \u00e0 <em>Salut, Bonjour!<\/em> qui explique bien les bienfaits de l&rsquo;enseignement de l&rsquo;\u00e9criture via les lettres cursives :\u00a0<a href=\"http:\/\/tva.canoe.ca\/emissions\/salutbonjour\/chroniques\/detail\/ecrire-en-lettres-attachees-des-la-premiere-annee\">http:\/\/tva.canoe.ca\/emissions\/salutbonjour\/chroniques\/detail\/ecrire-en-lettres-attachees-des-la-premiere-annee<\/a><\/p>\n<p style=\"text-align: center\"><span style=\"text-decoration: underline\"><strong>SITES pour les math\u00e9matiques et le fran\u00e7ais:\u00a0<\/strong><\/span><\/p>\n<p>Tout le <span style=\"text-decoration: underline\">vocabulaire math\u00e9matiques<\/span> en fran\u00e7ais pour les \u00e9l\u00e8ves du primaire (gratuit et sans inscription) : <a href=\"https:\/\/www.netmaths.net\/lexique\">https:\/\/www.netmaths.net\/lexique<\/a><\/p>\n<p>G\u00e9nial pour les math\u00e9matiques <span style=\"text-decoration: underline\">(tutoriels<\/span>) : \u00a0Knan academy :\u00a0<a href=\"http:\/\/fr.khanacademy.org\">http:\/\/fr.khanacademy.org<\/a><\/p>\n<p><span style=\"text-decoration: underline\">Jeux<\/span> en math:\u00a0<a title=\"jeux en math\" href=\"http:\/\/www.jeuxmaths.fr\" target=\"_blank\">http:\/\/www.jeuxmaths.fr\u00a0<\/a><\/p>\n<p>Fran\u00e7ais :\u00a0Super site en fran\u00e7ais :\u00a0<a href=\"http:\/\/www.salle34.net\/e-ou-er-exercices\/\">http:\/\/www.salle34.net\/e-ou-er-exercices\/<\/a><\/p>\n<p>Fran\u00e7ais (\u00e9tudier les verbes) :\u00a0<a href=\"http:\/\/micetf.fr\/conjugaison\/\">http:\/\/micetf.fr\/conjugaison\/<\/a><\/p>\n<p>Fran\u00e7ais lecture \/<span style=\"text-decoration: underline\">\u00a0Id\u00e9es de livres<\/span> pour les 8-14 ans :\u00a0<a title=\"Livres pour les 8-11 ans\" href=\"http:\/\/www.mamanpourlavie.com\/lu-vu-entendu\/enfants\/livres-pour-les-8-a-11-ans\/10511-idees-cadeaux-livres-pour-les-8-a-14-ans.thtml?page=9\">http:\/\/www.mamanpourlavie.com\/lu-vu-entendu\/enfants\/livres-pour-les-8-a-11-ans\/10511-idees-cadeaux-livres-pour-les-8-a-14-ans.thtml?page=9<\/a><\/p>\n<p>\u00c0 la recherche de <span style=\"text-decoration: underline\">jeux \u00e9ducatifs<\/span> et interactifs? Voici une foule de sites pour s&rsquo;exercer en fran\u00e7ais et en math\u00e9matiques:<\/p>\n<p><a href=\"http:\/\/www.lasouris-web.org\/index.html\">http:\/\/www.lasouris-web.org\/index.html<\/a><\/p>\n<p><a href=\"http:\/\/www.takatamuser.com\/\">http:\/\/www.takatamuser.com\/<\/a><\/p>\n<p><a href=\"http:\/\/www.pommemarina.com\/accueil.php\">http:\/\/www.pommemarina.com\/accueil.php<\/a><\/p>\n<p><a href=\"http:\/\/www.alloprof.qc.ca\/Pages\/jeux.aspx\">http:\/\/www.alloprof.qc.ca\/Pages\/jeux.aspx<\/a><\/p>\n<p><a href=\"http:\/\/ortholud.com\/\">http:\/\/ortholud.com\/<\/a><\/p>\n<p><a href=\"http:\/\/www.logicieleducatif.fr\/\">http:\/\/www.logicieleducatif.fr\/<\/a><\/p>\n<p><a href=\"http:\/\/www.pepit.be\/index.html\">http:\/\/www.pepit.be\/index.html<\/a><\/p>\n<p><a href=\"http:\/\/tfo.org\/jeux\/grammoleau\/\">http:\/\/tfo.org\/jeux\/grammoleau\/<\/a><\/p>\n<p>&#8212;&#8212;&#8212;&#8212;&#8212;&#8211; <strong>Anciennes informations toujours pertinentes!\u00a0<\/strong>&#8212;&#8212;&#8212;&#8212;&#8212;&#8211;<\/p>\n<p><strong>LA BIBLIOTH\u00c8QUE \/ Ressources \/ Conseils \/<\/strong><\/p>\n<p>&#8211; Dons de livres accept\u00e9!!! SVP les apporter au bureau administratif!<\/p>\n<p>&#8211; R\u00e9sultats des recherches:\u00a0<a href=\"http:\/\/www.mels.gouv.qc.ca\/references\/recherches\/programmes-de-recherche\/valorisation-des-resultats-de-recherche\/capsules\/la-lecture\/#c26701\">http:\/\/www.mels.gouv.qc.ca\/references\/recherches\/programmes-de-recherche\/valorisation-des-resultats-de-recherche\/capsules\/la-lecture\/#c26701<\/a><\/p>\n<p><strong>LA\u00a0TECHNOLOGIE\u00a0\/ Ressources \/ Conseils \/<\/strong><\/p>\n<p>Conseil de la cyber : Il est fortement sugg\u00e9r\u00e9 de ne pas regarder un \u00e9cran d&rsquo;ordinateur \/ appareil portatif avant de se coucher.<\/p>\n<p>Voici un site vous donnant des trucs pour limiter le temps d&rsquo;\u00e9cran (temps pass\u00e9 devant un \u00e9cran) :\u00a0<a title=\"Conseil cyber1\" href=\"http:\/\/http:\/\/www.soinsdenosenfants.cps.ca\/handouts\/limiting_screen_time_at_home\" target=\"_blank\">http:\/\/www.soinsdenosenfants.cps.ca\/handouts\/limiting_screen_time_at_home<\/a><\/p>\n","protected":false},"excerpt":{"rendered":"<p>Aide aux devoirs en ligne Veuillez demander \u00e0 la direction d&rsquo;\u00e9cole pour de plus amples d\u00e9tails. Voici le site Internet o\u00f9 vous pouvez vous inscrire:\u00a0http:\/\/voilalearning.com\/en\/if-your-school-board-has-registered\/ Dix minutes par jour pour changer le monde Nous vous invitons \u00e0 consulter cet article qui d\u00e9montre bien l&rsquo;importance de d\u00e9velopper l&rsquo;amour de la lecture chez votre enfant et l&rsquo;importance &hellip; <a href=\"https:\/\/classesbranchees.csf.bc.ca\/lapasserelle\/ressources-pour-les-parents\/\" class=\"more-link\">Continuer la lecture de <span class=\"screen-reader-text\">Ressources pour les parents<\/span> <span class=\"meta-nav\">&rarr;<\/span><\/a><\/p>\n","protected":false},"author":5,"featured_media":0,"parent":0,"menu_order":0,"comment_status":"closed","ping_status":"closed","template":"","meta":[],"_links":{"self":[{"href":"https:\/\/classesbranchees.csf.bc.ca\/lapasserelle\/wp-json\/wp\/v2\/pages\/411"}],"collection":[{"href":"https:\/\/classesbranchees.csf.bc.ca\/lapasserelle\/wp-json\/wp\/v2\/pages"}],"about":[{"href":"https:\/\/classesbranchees.csf.bc.ca\/lapasserelle\/wp-json\/wp\/v2\/types\/page"}],"author":[{"embeddable":true,"href":"https:\/\/classesbranchees.csf.bc.ca\/lapasserelle\/wp-json\/wp\/v2\/users\/5"}],"replies":[{"embeddable":true,"href":"https:\/\/classesbranchees.csf.bc.ca\/lapasserelle\/wp-json\/wp\/v2\/comments?post=411"}],"version-history":[{"count":31,"href":"https:\/\/classesbranchees.csf.bc.ca\/lapasserelle\/wp-json\/wp\/v2\/pages\/411\/revisions"}],"predecessor-version":[{"id":1519,"href":"https:\/\/classesbranchees.csf.bc.ca\/lapasserelle\/wp-json\/wp\/v2\/pages\/411\/revisions\/1519"}],"wp:attachment":[{"href":"https:\/\/classesbranchees.csf.bc.ca\/lapasserelle\/wp-json\/wp\/v2\/media?parent=411"}],"curies":[{"name":"wp","href":"https:\/\/api.w.org\/{rel}","templated":true}]}}