{"id":360,"date":"2014-05-20T10:05:04","date_gmt":"2014-05-20T17:05:04","guid":{"rendered":"http:\/\/classesbranchees.csf.bc.ca\/lapasserelle\/?page_id=360"},"modified":"2016-09-02T10:55:58","modified_gmt":"2016-09-02T17:55:58","slug":"mois-doctobre-1-2-3e","status":"publish","type":"page","link":"https:\/\/classesbranchees.csf.bc.ca\/lapasserelle\/mois-doctobre-1-2-3e\/","title":{"rendered":"Information aux parents"},"content":{"rendered":"<p style=\"text-align: center\"><span style=\"font-size: 14pt\"><strong>Octobre 2016<br \/>\n<\/strong><\/span><\/p>\n<p><strong><u>\u00a0Sorties de classe ce mois-ci\u00a0:<\/u><\/strong><\/p>\n<p><strong><u>Dates importantes\u00a0:<\/u><\/strong><\/p>\n<p>&nbsp;<\/p>\n<p><strong><u>\u00c0 faire \u00e0 la maison\u00a0:<\/u><\/strong><\/p>\n<ul>\n<li>lire 15-20 min\/ soir et remplir un rapport de lecture.<\/li>\n<li>Faire signer son agenda \u00e0 tous les jours.<\/li>\n<\/ul>\n<p><strong><u>Th\u00e8mes pr\u00e9vus pour ce mois-ci:<\/u><\/strong><\/p>\n<ul>\n<li style=\"text-align: justify\">Maths :<\/li>\n<li>Fran\u00e7ais\u00a0:\n<ul>\n<li style=\"text-align: justify\"><strong>\u00e9criture<\/strong>\u00a0:<\/li>\n<li style=\"text-align: justify\"><strong>lecture\u00a0<\/strong>:<\/li>\n<li style=\"text-align: justify\"><strong>Oral\u00a0<\/strong>:<\/li>\n<\/ul>\n<\/li>\n<li style=\"text-align: justify\">Sciences : le cycle de l\u2019eau\/ la d\u00e9marche scientifique<\/li>\n<li style=\"text-align: justify\">Sciences humaines:<\/li>\n<li style=\"text-align: justify\">Arts:<\/li>\n<li style=\"text-align: justify\">\u00c9ducation physique :<\/li>\n<li>Technologie:<\/li>\n<li>\u00c9ducation \u00e0 la carri\u00e8re :<\/li>\n<\/ul>\n<p><strong><u>Projets sp\u00e9ciaux:<\/u><\/strong><\/p>\n","protected":false},"excerpt":{"rendered":"<p>Octobre 2016 \u00a0Sorties de classe ce mois-ci\u00a0: Dates importantes\u00a0: &nbsp; \u00c0 faire \u00e0 la maison\u00a0: lire 15-20 min\/ soir et remplir un rapport de lecture. Faire signer son agenda \u00e0 tous les jours. Th\u00e8mes pr\u00e9vus pour ce mois-ci: Maths : Fran\u00e7ais\u00a0: \u00e9criture\u00a0: lecture\u00a0: Oral\u00a0: Sciences : le cycle de l\u2019eau\/ la d\u00e9marche scientifique Sciences humaines: &hellip; <a href=\"https:\/\/classesbranchees.csf.bc.ca\/lapasserelle\/mois-doctobre-1-2-3e\/\" class=\"more-link\">Continuer la lecture de <span class=\"screen-reader-text\">Information aux parents<\/span> <span class=\"meta-nav\">&rarr;<\/span><\/a><\/p>\n","protected":false},"author":5,"featured_media":0,"parent":0,"menu_order":0,"comment_status":"closed","ping_status":"closed","template":"","meta":[],"_links":{"self":[{"href":"https:\/\/classesbranchees.csf.bc.ca\/lapasserelle\/wp-json\/wp\/v2\/pages\/360"}],"collection":[{"href":"https:\/\/classesbranchees.csf.bc.ca\/lapasserelle\/wp-json\/wp\/v2\/pages"}],"about":[{"href":"https:\/\/classesbranchees.csf.bc.ca\/lapasserelle\/wp-json\/wp\/v2\/types\/page"}],"author":[{"embeddable":true,"href":"https:\/\/classesbranchees.csf.bc.ca\/lapasserelle\/wp-json\/wp\/v2\/users\/5"}],"replies":[{"embeddable":true,"href":"https:\/\/classesbranchees.csf.bc.ca\/lapasserelle\/wp-json\/wp\/v2\/comments?post=360"}],"version-history":[{"count":7,"href":"https:\/\/classesbranchees.csf.bc.ca\/lapasserelle\/wp-json\/wp\/v2\/pages\/360\/revisions"}],"predecessor-version":[{"id":1311,"href":"https:\/\/classesbranchees.csf.bc.ca\/lapasserelle\/wp-json\/wp\/v2\/pages\/360\/revisions\/1311"}],"wp:attachment":[{"href":"https:\/\/classesbranchees.csf.bc.ca\/lapasserelle\/wp-json\/wp\/v2\/media?parent=360"}],"curies":[{"name":"wp","href":"https:\/\/api.w.org\/{rel}","templated":true}]}}