{"id":310,"date":"2014-05-20T09:57:35","date_gmt":"2014-05-20T16:57:35","guid":{"rendered":"http:\/\/classesbranchees.csf.bc.ca\/lapasserelle\/?page_id=310"},"modified":"2017-03-09T16:37:50","modified_gmt":"2017-03-10T00:37:50","slug":"mois-de-mars-4-5e","status":"publish","type":"page","link":"https:\/\/classesbranchees.csf.bc.ca\/lapasserelle\/mois-de-mars-4-5e\/","title":{"rendered":"Mois de mars (4-5e)"},"content":{"rendered":"<p><strong>Les informations du 8 au 17 mars 2017<\/strong><\/p>\n<ul>\n<li>lire 80 min. \u00a0+ \u00a0signer sa feuille de d\u00e9fi #6<\/li>\n<li>Se pr\u00e9parer pour la grande finale du Reading Link Challenge ! (rapporter son formulaire de sortie)<\/li>\n<li>pratiquer son passage + chor\u00e9graphie du lip synch :\u00a0<a href=\"https:\/\/docs.google.com\/document\/d\/1u3XZ2oWv28IsOIxTu8FKJw7fGjmzmZxGwhZkshN6u8Y\/edit?usp=sharing\">https:\/\/docs.google.com\/document\/d\/1u3XZ2oWv28IsOIxTu8FKJw7fGjmzmZxGwhZkshN6u8Y\/edit?usp=sharing<\/a><\/li>\n<\/ul>\n<p><strong>Dates:\u00a0<\/strong><\/p>\n<ul>\n<li>La sortie de l&rsquo;aquarium et du mus\u00e9e de la police sera report\u00e9e au 21 juin ! Y\u00e9 !<\/li>\n<li>Semaine du 13 au 17 mars = Semaine de la francophonie\n<ul>\n<li>Lundi = assembl\u00e9e d&rsquo;\u00e9cole\/ cuisine \/ pr\u00e9paration de sa pr\u00e9sentation aux parents \/ projet de ski \/ pratique de lip synch et th\u00e9\u00e2tre<\/li>\n<li>mardi = olympiades \/ pr\u00e9sentation du lip synch<\/li>\n<li>mercredi = grande rencontre francophone Whistler-Pemberton \/ improvisation en pm \/ PAS de d\u00e9part h\u00e2tif \/ d\u00e9part \u00e0 14h36 comme \u00e0 l&rsquo;habitude \/ rencontre de parents en petits groupes anim\u00e9es par les \u00e9l\u00e8ves<\/li>\n<li>jeudi = g\u00e9n\u00e9rale du spectacle \/ tire d&rsquo;\u00e9rable \/ (apportez votre repas puisque les pizzas seront remises vers 13h30 \/ pi\u00e8ce de th\u00e9\u00e2tre \/ d\u00e9parts h\u00e2tifs \u00e0 13h36<\/li>\n<li>Vendredi = film d&rsquo;\u00e9cole \/ danse \/ projet de ski<\/li>\n<\/ul>\n<\/li>\n<\/ul>\n<p><em>SVP consulter le\u00a0<strong>calendrier<\/strong>\u00a0pour les dates importantes.<\/em><\/p>\n<p><strong>Besoins :\u00a0<\/strong><\/p>\n<p>On a d\u00e9sesp\u00e9r\u00e9ment besoin de 6 autres parents pour aider lors des olympiades d&rsquo;\u00e9cole mardi le 14 mars de 10h15 \u00e0 12h15 . SVP m&rsquo;\u00e9crire une note ou un courriel si vous \u00eates disponible !<\/p>\n<p><strong>Th\u00e8mes pr\u00e9vus pour ce mois-ci:<\/strong><\/p>\n<ul>\n<li>Math : l&rsquo;addition et la soustraction de nombres d\u00e9cimaux<\/li>\n<li>Fran\u00e7ais : \u00a0le th\u00e9\u00e2tre<\/li>\n<li>Sant\u00e9 et carri\u00e8re: organisation du portfolio et auto-\u00e9valuation<\/li>\n<li>Art: design du ski<\/li>\n<li>Musique et danse : lip synch et chor\u00e9graphie<\/li>\n<li>Anglais : reading link challenge<\/li>\n<\/ul>\n","protected":false},"excerpt":{"rendered":"<p>Les informations du 8 au 17 mars 2017 lire 80 min. \u00a0+ \u00a0signer sa feuille de d\u00e9fi #6 Se pr\u00e9parer pour la grande finale du Reading Link Challenge ! (rapporter son formulaire de sortie) pratiquer son passage + chor\u00e9graphie du lip synch :\u00a0https:\/\/docs.google.com\/document\/d\/1u3XZ2oWv28IsOIxTu8FKJw7fGjmzmZxGwhZkshN6u8Y\/edit?usp=sharing Dates:\u00a0 La sortie de l&rsquo;aquarium et du mus\u00e9e de la police sera &hellip; <a href=\"https:\/\/classesbranchees.csf.bc.ca\/lapasserelle\/mois-de-mars-4-5e\/\" class=\"more-link\">Continuer la lecture de <span class=\"screen-reader-text\">Mois de mars (4-5e)<\/span> <span class=\"meta-nav\">&rarr;<\/span><\/a><\/p>\n","protected":false},"author":5,"featured_media":0,"parent":0,"menu_order":0,"comment_status":"closed","ping_status":"closed","template":"","meta":[],"_links":{"self":[{"href":"https:\/\/classesbranchees.csf.bc.ca\/lapasserelle\/wp-json\/wp\/v2\/pages\/310"}],"collection":[{"href":"https:\/\/classesbranchees.csf.bc.ca\/lapasserelle\/wp-json\/wp\/v2\/pages"}],"about":[{"href":"https:\/\/classesbranchees.csf.bc.ca\/lapasserelle\/wp-json\/wp\/v2\/types\/page"}],"author":[{"embeddable":true,"href":"https:\/\/classesbranchees.csf.bc.ca\/lapasserelle\/wp-json\/wp\/v2\/users\/5"}],"replies":[{"embeddable":true,"href":"https:\/\/classesbranchees.csf.bc.ca\/lapasserelle\/wp-json\/wp\/v2\/comments?post=310"}],"version-history":[{"count":10,"href":"https:\/\/classesbranchees.csf.bc.ca\/lapasserelle\/wp-json\/wp\/v2\/pages\/310\/revisions"}],"predecessor-version":[{"id":1534,"href":"https:\/\/classesbranchees.csf.bc.ca\/lapasserelle\/wp-json\/wp\/v2\/pages\/310\/revisions\/1534"}],"wp:attachment":[{"href":"https:\/\/classesbranchees.csf.bc.ca\/lapasserelle\/wp-json\/wp\/v2\/media?parent=310"}],"curies":[{"name":"wp","href":"https:\/\/api.w.org\/{rel}","templated":true}]}}