{"id":302,"date":"2014-05-20T09:57:01","date_gmt":"2014-05-20T16:57:01","guid":{"rendered":"http:\/\/classesbranchees.csf.bc.ca\/lapasserelle\/?page_id=302"},"modified":"2016-11-25T07:42:13","modified_gmt":"2016-11-25T15:42:13","slug":"mois-de-novembre-4-5e","status":"publish","type":"page","link":"https:\/\/classesbranchees.csf.bc.ca\/lapasserelle\/mois-de-novembre-4-5e\/","title":{"rendered":"Mois de novembre (4-5e)"},"content":{"rendered":"<p><strong><span style=\"font-size: 14px;line-height: 28px\">Les informations du 23 au 30\u00a0novembre\u00a02016 \u00a0(mis \u00e0 jour le 25 novembre 2016 )<\/span><\/strong><\/p>\n<p><strong>Lectures des \u00e9l\u00e8ves<\/strong>\u00a0(merc. 23 nov au 30 nov.) : \u00a0lecture de multiplications (1 \u00e0 10) + lecture en fran\u00e7ais (100 min. par semaine) sign\u00e9e dans l&rsquo;agenda\u00a0+ participation au D\u00e9fi de lecture #3 (Bingo) \u00e0 remettre le 13 d\u00e9cembre.<\/p>\n<p><strong>\u00c0 la maison :<\/strong>\u00a0Signature de l\u2019agenda +\u00a0Rapporter le feutre pr\u00eat\u00e9<\/p>\n<p><strong>\u00c9v\u00e9nements importants\u00a0<\/strong>:\u00a0<a href=\"http:\/\/classesbranchees.csf.bc.ca\/lapasserelle\/calendrier-decole\/\">http:\/\/classesbranchees.csf.bc.ca\/lapasserelle\/calendrier-decole\/<\/a>\u00a0 D\u00e9parts h\u00e2tifs (13h36) le mercredi et jeudi pour rencontres de parents.<\/p>\n<p><strong>Besoins:<\/strong>\u00a0&#8212;<\/p>\n<p><strong>Club de r\u00e9compense (CDR) =<\/strong>\u00a0avoir pour mercredi le 30 novembre:\u00a0avoir fait signer son agenda et inscrit le 100 min. de lecture, remettre son feutre\u00a0+\u00a0montrer sa fleur (feuille pour pratiquer ses multiplications)<\/p>\n<p><span style=\"text-decoration: underline\"><strong>Th\u00e8mes pr\u00e9vus pour ce mois-ci:<\/strong><\/span><\/p>\n<ul>\n<li>Math :\u00a0 les grands nombres et les \u00e9quations (estimer, additionner, soustraire, multiplier et diviser)<\/li>\n<li>Fran\u00e7ais : texte injonctif,\u00a0\u00a0le nom et le d\u00e9terminant ainsi que le sujet<\/li>\n<li>Sant\u00e9 et carri\u00e8re : atelier de Mme Julie<\/li>\n<li>Science :\u00a0les diff\u00e9rents syst\u00e8mes du corps humain \/ terminer son jeu<\/li>\n<li>Art:\u00a0projet collboratif (d\u00e9coration de la porte pour le temps des f\u00eates)<\/li>\n<li>\u00c9ducation physique : Omnikin<\/li>\n<li>Science humaine: les ressources naturelles et les aventuriers\/explorateurs<\/li>\n<li>Anglais : terminer l&rsquo;histoire sur les animaux, nous travaillons l&rsquo;\u00e9pellation et nous allons faire un mini-projet de No\u00ebl plus tard dans le mois<\/li>\n<\/ul>\n<p>&nbsp;<\/p>\n","protected":false},"excerpt":{"rendered":"<p>Les informations du 23 au 30\u00a0novembre\u00a02016 \u00a0(mis \u00e0 jour le 25 novembre 2016 ) Lectures des \u00e9l\u00e8ves\u00a0(merc. 23 nov au 30 nov.) : \u00a0lecture de multiplications (1 \u00e0 10) + lecture en fran\u00e7ais (100 min. par semaine) sign\u00e9e dans l&rsquo;agenda\u00a0+ participation au D\u00e9fi de lecture #3 (Bingo) \u00e0 remettre le 13 d\u00e9cembre. \u00c0 la maison &hellip; <a href=\"https:\/\/classesbranchees.csf.bc.ca\/lapasserelle\/mois-de-novembre-4-5e\/\" class=\"more-link\">Continuer la lecture de <span class=\"screen-reader-text\">Mois de novembre (4-5e)<\/span> <span class=\"meta-nav\">&rarr;<\/span><\/a><\/p>\n","protected":false},"author":5,"featured_media":0,"parent":0,"menu_order":0,"comment_status":"closed","ping_status":"closed","template":"","meta":[],"_links":{"self":[{"href":"https:\/\/classesbranchees.csf.bc.ca\/lapasserelle\/wp-json\/wp\/v2\/pages\/302"}],"collection":[{"href":"https:\/\/classesbranchees.csf.bc.ca\/lapasserelle\/wp-json\/wp\/v2\/pages"}],"about":[{"href":"https:\/\/classesbranchees.csf.bc.ca\/lapasserelle\/wp-json\/wp\/v2\/types\/page"}],"author":[{"embeddable":true,"href":"https:\/\/classesbranchees.csf.bc.ca\/lapasserelle\/wp-json\/wp\/v2\/users\/5"}],"replies":[{"embeddable":true,"href":"https:\/\/classesbranchees.csf.bc.ca\/lapasserelle\/wp-json\/wp\/v2\/comments?post=302"}],"version-history":[{"count":20,"href":"https:\/\/classesbranchees.csf.bc.ca\/lapasserelle\/wp-json\/wp\/v2\/pages\/302\/revisions"}],"predecessor-version":[{"id":1457,"href":"https:\/\/classesbranchees.csf.bc.ca\/lapasserelle\/wp-json\/wp\/v2\/pages\/302\/revisions\/1457"}],"wp:attachment":[{"href":"https:\/\/classesbranchees.csf.bc.ca\/lapasserelle\/wp-json\/wp\/v2\/media?parent=302"}],"curies":[{"name":"wp","href":"https:\/\/api.w.org\/{rel}","templated":true}]}}