{"id":298,"date":"2014-05-20T09:56:38","date_gmt":"2014-05-20T16:56:38","guid":{"rendered":"http:\/\/classesbranchees.csf.bc.ca\/lapasserelle\/?page_id=298"},"modified":"2018-01-04T09:30:37","modified_gmt":"2018-01-04T17:30:37","slug":"mois-de-septembre-4-5e","status":"publish","type":"page","link":"https:\/\/classesbranchees.csf.bc.ca\/lapasserelle\/mois-de-septembre-4-5e\/","title":{"rendered":"Mois de septembre (4-5e)"},"content":{"rendered":"<p>Mis \u00e0 jour le 28 septembre 2016<\/p>\n<p><span style=\"text-decoration: underline\"><strong>Camping\/ sortie :<\/strong><\/span> Les enfants doivent penser \u00e0 apporter un lunch froid, 3 collations tout le mat\u00e9riel \u00e9crit sur la feuille d&rsquo;informations (envoy\u00e9e par courriel), du linge chaud pour le soir \/ un sac l\u00e9ger SVP!<\/p>\n<p><span style=\"text-decoration: underline\"><strong>Lectures des \u00e9l\u00e8ves<\/strong><\/span> (merc le 28 sept. \u00e0 merc. le 5 oct.) : \u00a0Lecture de mots (liste #17) + lecture\/\u00e9coute des extraits et remplir la feuille de d\u00e9fi mauve + signature de l&rsquo;agenda.<\/p>\n<p><span style=\"text-decoration: underline\"><strong>\u00c9v\u00e9nements importants\u00a0<\/strong><\/span>:\u00a0<a href=\"http:\/\/classesbranchees.csf.bc.ca\/lapasserelle\/calendrier-decole\/\">http:\/\/classesbranchees.csf.bc.ca\/lapasserelle\/calendrier-decole\/<\/a>\u00a0+ premiers services de repas chauds le 4 octobre + journ\u00e9e des enseignants le 5 octobre !<\/p>\n<p><span style=\"text-decoration: underline\"><strong>Besoins:<\/strong> <\/span>Si quelqu&rsquo;un peut m&rsquo;aider \u00e0 couvrir des livres de classe, SVP m&rsquo;\u00e9crire une note dans l&rsquo;agenda de votre enfant. Malgr\u00e9 quelques demandes, je suis toujours \u00a0\u00e0 la recherche de quelqu&rsquo;un.<\/p>\n<p><span style=\"text-decoration: underline\"><strong>Th\u00e8mes de septembre :<\/strong><\/span>\u00a0(fran\u00e7ais) histoire dont tu es le h\u00e9ros, le nom et le d\u00e9terminant \/ (math) les grands nombres et les \u00e9quations (estimer, additionner, multiplier) \/ (science) les diff\u00e9rents syst\u00e8mes du corps humain \/ (arts) la gravure (simple), cartes (papier d\u00e9chir\u00e9) \u00a0\/ (sant\u00e9 et carri\u00e8re) la pers\u00e9v\u00e9rance \/ etc.<\/p>\n<p>&nbsp;<\/p>\n<p style=\"text-align: center\"><strong>&#8212;&#8212;&#8212; Archives\u00a0&#8212;&#8212;&#8212;-<\/strong><\/p>\n<p>21 septembre 2016 :<\/p>\n<p>Informations de classe:<\/p>\n<ul>\n<li>SVP <strong><span style=\"text-decoration: underline\">r\u00e9viser votre num\u00e9ro de t\u00e9l\u00e9phone<\/span> <\/strong>sur la chaine t\u00e9l\u00e9phonique qui vous a \u00e9t\u00e9 envoy\u00e9e lundi le 19 septembre via l&rsquo;agenda de votre enfant. S&rsquo;il y a une erreur, SVP m&rsquo;en informer le plus rapidement possible.<\/li>\n<li>Voici une copie du <span style=\"text-decoration: underline\">r\u00e9sum\u00e9 de la rencontre<\/span> de parents du 14 septembre : <a href=\"http:\/\/classesbranchees.csf.bc.ca\/lapasserelle\/mois-de-septembre-4-5e\/attachment\/septembre-2016-2\/\" rel=\"attachment wp-att-1327\">septembre 2016<\/a><b><i>.<\/i><\/b><\/li>\n<\/ul>\n<p>+<\/p>\n<ul>\n<li><span style=\"text-decoration: underline\"><strong>Parents, les habitudes\u00a0<\/strong><\/span>\u00a0:\u00a0<span style=\"text-decoration: underline\">regarder l&rsquo;agenda<\/span> de votre enfant \u00e0 tous les soirs \/ <span style=\"text-decoration: underline\">signer l&rsquo;agenda<\/span> 1x\/jour ou au minimum la mardi soir \/ S&rsquo;assurer que son enfant (et vous?!) <span style=\"text-decoration: underline\">lit \u00e0 tous les soirs<\/span> au moins 20 min. en fran\u00e7ais (ce qui inclus la lecture de mots, duo tang mauve)<\/li>\n<li>Rappel : <span style=\"text-decoration: underline\">sortie en camping<\/span> -beau temps (\u00e0 Cheakamus), mauvais temps (\u00e0 Cal-Check)- jeudi et vendredi prochain \/ merci pour les formulaires remplis! \/ s&rsquo;abonner aux repas chauds<\/li>\n<li><span style=\"text-decoration: underline\">\u00c9v\u00e9nements importants<\/span> :\u00a0<a href=\"http:\/\/classesbranchees.csf.bc.ca\/lapasserelle\/calendrier-decole\/\">http:\/\/classesbranchees.csf.bc.ca\/lapasserelle\/calendrier-decole\/<\/a><\/li>\n<\/ul>\n<p>+<\/p>\n<ul>\n<li><span style=\"text-decoration: underline\"><strong>\u00c9l\u00e8ves, \u00e0 faire cette semaine<\/strong><\/span> :\u00a0lire 20 minutes tous le soirs + signature du parent \/ lire ses mots de la liste 16 (duo tang mauve) \u00a0\/ signer son agenda pour le mercredi \/ apporter de vieilles revues \u00e0 d\u00e9couper + bouteilles de plastique + ballons \u00e0 gonfler<\/li>\n<\/ul>\n<p style=\"text-align: center\"><b>&#8212;&#8212;&#8212;&#8212;&#8212;&#8212;&#8212;-<\/b><\/p>\n<p>6 septembre 2016<\/p>\n<p>C&rsquo;est la rentr\u00e9e !<\/p>\n<p>N&rsquo;oubliez pas de mettre le site Web de l&rsquo;\u00e9cole dans vos favoris! <a href=\"http:\/\/www.classesbranchees.csf.bc.ca\">www.classesbranchees.csf.bc.ca<\/a><\/p>\n<p>Avant la rentr\u00e9e SVP :<\/p>\n<ul>\n<li><span style=\"text-decoration: underline\">Revoir la liste de mat\u00e9riel<\/span> avec votre enfant, avez-vous tout? Les couleurs de cahiers et classeurs sont importantes, elles nous aideront \u00e0 mieux nous organiser! Nous identifierons tous en classe. SVP, si ce n&rsquo;est pas d\u00e9j\u00e0 fiat, donner un ch\u00e8que \u00e0 Mme Krystel pour le paiement du mat\u00e9riel de base achet\u00e9 par l&rsquo;\u00e9cole.<\/li>\n<li><span style=\"text-decoration: underline\">Pr\u00e9parer\u00a0un sac\u00a0de sport\/rechange<\/span> dans lequel il y aura : soulier d&rsquo;int\u00e9rieur, chandail, chaussettes et gourde d&rsquo;eau<\/li>\n<li>Changer l<span style=\"text-decoration: underline\">es habitudes de dodo<\/span> : on s&rsquo;exerce \u00e0 se coucher plus t\u00f4t afin d&rsquo;\u00eatre lev\u00e9 plus t\u00f4t!<\/li>\n<\/ul>\n<p>\u00c0 mettre \u00e0 votre agenda:<\/p>\n<p>Une rencontre importante de TOUS les parents de l&rsquo;\u00e9cole aura lieu<span style=\"text-decoration: underline\"> le 14 septembre.<\/span> Cette rencontre vous permettra d&rsquo;obtenir d&rsquo;importantes informations li\u00e9es au fonctionnement de notre \u00e9cole. <span style=\"text-decoration: underline\"><em><strong>Heure \u00e0 d\u00e9terminer<\/strong><\/em><\/span><\/p>\n<p>Bonne rentr\u00e9e!<\/p>\n<p style=\"text-align: center\">&#8212;&#8212;&#8212;&#8212;&#8212;&#8212;&#8211;<\/p>\n","protected":false},"excerpt":{"rendered":"<p>Mis \u00e0 jour le 28 septembre 2016 Camping\/ sortie : Les enfants doivent penser \u00e0 apporter un lunch froid, 3 collations tout le mat\u00e9riel \u00e9crit sur la feuille d&rsquo;informations (envoy\u00e9e par courriel), du linge chaud pour le soir \/ un sac l\u00e9ger SVP! Lectures des \u00e9l\u00e8ves (merc le 28 sept. \u00e0 merc. le 5 oct.) &hellip; <a href=\"https:\/\/classesbranchees.csf.bc.ca\/lapasserelle\/mois-de-septembre-4-5e\/\" class=\"more-link\">Continuer la lecture de <span class=\"screen-reader-text\">Mois de septembre (4-5e)<\/span> <span class=\"meta-nav\">&rarr;<\/span><\/a><\/p>\n","protected":false},"author":5,"featured_media":0,"parent":0,"menu_order":0,"comment_status":"closed","ping_status":"closed","template":"","meta":[],"_links":{"self":[{"href":"https:\/\/classesbranchees.csf.bc.ca\/lapasserelle\/wp-json\/wp\/v2\/pages\/298"}],"collection":[{"href":"https:\/\/classesbranchees.csf.bc.ca\/lapasserelle\/wp-json\/wp\/v2\/pages"}],"about":[{"href":"https:\/\/classesbranchees.csf.bc.ca\/lapasserelle\/wp-json\/wp\/v2\/types\/page"}],"author":[{"embeddable":true,"href":"https:\/\/classesbranchees.csf.bc.ca\/lapasserelle\/wp-json\/wp\/v2\/users\/5"}],"replies":[{"embeddable":true,"href":"https:\/\/classesbranchees.csf.bc.ca\/lapasserelle\/wp-json\/wp\/v2\/comments?post=298"}],"version-history":[{"count":17,"href":"https:\/\/classesbranchees.csf.bc.ca\/lapasserelle\/wp-json\/wp\/v2\/pages\/298\/revisions"}],"predecessor-version":[{"id":1383,"href":"https:\/\/classesbranchees.csf.bc.ca\/lapasserelle\/wp-json\/wp\/v2\/pages\/298\/revisions\/1383"}],"wp:attachment":[{"href":"https:\/\/classesbranchees.csf.bc.ca\/lapasserelle\/wp-json\/wp\/v2\/media?parent=298"}],"curies":[{"name":"wp","href":"https:\/\/api.w.org\/{rel}","templated":true}]}}