{"id":55,"date":"2015-09-24T21:42:16","date_gmt":"2015-09-25T04:42:16","guid":{"rendered":"http:\/\/classesbranchees.csf.bc.ca\/ecoledupacifique\/?page_id=55"},"modified":"2026-01-28T06:50:19","modified_gmt":"2026-01-28T14:50:19","slug":"francais","status":"publish","type":"page","link":"https:\/\/classesbranchees.csf.bc.ca\/ecoledupacifique\/francais\/","title":{"rendered":"Fran\u00e7ais"},"content":{"rendered":"<p><strong><u>Tu dois choisir:<br \/>\n<\/u><\/strong><\/p>\n<p><strong>&#8211; <a href=\"https:\/\/classesbranchees.csf.bc.ca\/ecoledupacifique\/francais-ecoute\/\">\u00e9coute<\/a><\/strong><\/p>\n<p><strong>&#8211; <a href=\"https:\/\/classesbranchees.csf.bc.ca\/ecoledupacifique\/francais-lecture\/\">lecture<\/a><\/strong><\/p>\n<p><strong>&#8211; <a href=\"https:\/\/classesbranchees.csf.bc.ca\/ecoledupacifique\/francais-grammaire\/\">grammaire<\/a><\/strong><\/p>\n<p>&nbsp;<\/p>\n<p>Mots cach\u00e9s: <a href=\"https:\/\/www.education.com\/worksheet-generator\/reading\/word-search\/\" target=\"_blank\" rel=\"noopener\">g\u00e9n\u00e9rateur en ligne<\/a><\/p>\n<p>&nbsp;<\/p>\n<p>_______<\/p>\n<p><a href=\"http:\/\/classesbranchees.csf.bc.ca\/ecoledupacifique\/wp-content\/uploads\/sites\/6\/322-poesies.pdf\">Recueil de po\u00e9sies<\/a><\/p>\n<p><a href=\"http:\/\/classesbranchees.csf.bc.ca\/ecoledupacifique\/wp-content\/uploads\/sites\/6\/Halloween_scene-pour-e\u0301crire-landscape.pdf\" target=\"_blank\" rel=\"noopener\">HALLOWEEN (images pour e\u0301crire)<\/a><\/p>\n","protected":false},"excerpt":{"rendered":"<p>Tu dois choisir: &#8211; \u00e9coute &#8211; lecture &#8211; grammaire &nbsp; Mots cach\u00e9s: g\u00e9n\u00e9rateur en ligne &nbsp; _______ Recueil de po\u00e9sies HALLOWEEN (images pour e\u0301crire)<\/p>\n","protected":false},"author":40,"featured_media":0,"parent":0,"menu_order":0,"comment_status":"closed","ping_status":"closed","template":"","meta":[],"_links":{"self":[{"href":"https:\/\/classesbranchees.csf.bc.ca\/ecoledupacifique\/wp-json\/wp\/v2\/pages\/55"}],"collection":[{"href":"https:\/\/classesbranchees.csf.bc.ca\/ecoledupacifique\/wp-json\/wp\/v2\/pages"}],"about":[{"href":"https:\/\/classesbranchees.csf.bc.ca\/ecoledupacifique\/wp-json\/wp\/v2\/types\/page"}],"author":[{"embeddable":true,"href":"https:\/\/classesbranchees.csf.bc.ca\/ecoledupacifique\/wp-json\/wp\/v2\/users\/40"}],"replies":[{"embeddable":true,"href":"https:\/\/classesbranchees.csf.bc.ca\/ecoledupacifique\/wp-json\/wp\/v2\/comments?post=55"}],"version-history":[{"count":130,"href":"https:\/\/classesbranchees.csf.bc.ca\/ecoledupacifique\/wp-json\/wp\/v2\/pages\/55\/revisions"}],"predecessor-version":[{"id":1882,"href":"https:\/\/classesbranchees.csf.bc.ca\/ecoledupacifique\/wp-json\/wp\/v2\/pages\/55\/revisions\/1882"}],"wp:attachment":[{"href":"https:\/\/classesbranchees.csf.bc.ca\/ecoledupacifique\/wp-json\/wp\/v2\/media?parent=55"}],"curies":[{"name":"wp","href":"https:\/\/api.w.org\/{rel}","templated":true}]}}