{"id":34,"date":"2017-09-17T16:49:33","date_gmt":"2017-09-17T23:49:33","guid":{"rendered":"https:\/\/classesbranchees.csf.bc.ca\/classe-de-mme-carrie\/?page_id=34"},"modified":"2017-09-17T17:44:55","modified_gmt":"2017-09-18T00:44:55","slug":"activites-en-francais","status":"publish","type":"page","link":"https:\/\/classesbranchees.csf.bc.ca\/classe-de-mme-carrie\/activites-en-francais\/","title":{"rendered":"Activit\u00e9s en fran\u00e7ais"},"content":{"rendered":"<p>Participer \u00e0 la <a href=\"http:\/\/www.maillardville.com\/en\/events\/fete-de-maillardville-4\/\">F\u00eate de Maillardville<\/a> le dimanche 24 septembre 2017.<\/p>\n<p>Regarder un film en fran\u00e7ais.<\/p>\n<p>\u00c9couter la radio\u00a0en fran\u00e7ais dans la voiture.<\/p>\n<p>Visiter la <a href=\"http:\/\/www.maillardville.com\/mediatheque\/\">m\u00e9diath\u00e8que<\/a>\u00a0de la Soci\u00e9t\u00e9 Francophone de Maillardville et\u00a0emprunter un livre ou une vid\u00e9o en fran\u00e7ais<\/p>\n<h4>D&rsquo;autres activit\u00e9s \u00e0 venir sous peu!<\/h4>\n<p>&nbsp;<\/p>\n","protected":false},"excerpt":{"rendered":"<p>Participer \u00e0 la F\u00eate de Maillardville le dimanche 24 septembre 2017. Regarder un film en fran\u00e7ais. \u00c9couter la radio\u00a0en fran\u00e7ais dans la voiture. Visiter la m\u00e9diath\u00e8que\u00a0de la Soci\u00e9t\u00e9 Francophone de Maillardville et\u00a0emprunter un livre ou une vid\u00e9o en fran\u00e7ais D&rsquo;autres activit\u00e9s \u00e0 venir sous peu! &nbsp;<\/p>\n","protected":false},"author":3,"featured_media":0,"parent":0,"menu_order":0,"comment_status":"closed","ping_status":"closed","template":"","meta":[],"_links":{"self":[{"href":"https:\/\/classesbranchees.csf.bc.ca\/classe-de-mme-carrie\/wp-json\/wp\/v2\/pages\/34"}],"collection":[{"href":"https:\/\/classesbranchees.csf.bc.ca\/classe-de-mme-carrie\/wp-json\/wp\/v2\/pages"}],"about":[{"href":"https:\/\/classesbranchees.csf.bc.ca\/classe-de-mme-carrie\/wp-json\/wp\/v2\/types\/page"}],"author":[{"embeddable":true,"href":"https:\/\/classesbranchees.csf.bc.ca\/classe-de-mme-carrie\/wp-json\/wp\/v2\/users\/3"}],"replies":[{"embeddable":true,"href":"https:\/\/classesbranchees.csf.bc.ca\/classe-de-mme-carrie\/wp-json\/wp\/v2\/comments?post=34"}],"version-history":[{"count":6,"href":"https:\/\/classesbranchees.csf.bc.ca\/classe-de-mme-carrie\/wp-json\/wp\/v2\/pages\/34\/revisions"}],"predecessor-version":[{"id":58,"href":"https:\/\/classesbranchees.csf.bc.ca\/classe-de-mme-carrie\/wp-json\/wp\/v2\/pages\/34\/revisions\/58"}],"wp:attachment":[{"href":"https:\/\/classesbranchees.csf.bc.ca\/classe-de-mme-carrie\/wp-json\/wp\/v2\/media?parent=34"}],"curies":[{"name":"wp","href":"https:\/\/api.w.org\/{rel}","templated":true}]}}