{"id":100,"date":"2017-09-24T19:04:13","date_gmt":"2017-09-25T02:04:13","guid":{"rendered":"https:\/\/classesbranchees.csf.bc.ca\/classe-de-mme-carrie\/?page_id=100"},"modified":"2017-09-27T16:33:10","modified_gmt":"2017-09-27T23:33:10","slug":"projet-personnel","status":"publish","type":"page","link":"https:\/\/classesbranchees.csf.bc.ca\/classe-de-mme-carrie\/projet-personnel\/","title":{"rendered":"Projet personnel"},"content":{"rendered":"<p>Au cours de l\u2019ann\u00e9e, les \u00e9l\u00e8ves d\u00e9velopperont un projet personnel. \u00c0 partir d\u2019un sujet de leur choix, ils d\u00e9velopperont une question d\u2019enqu\u00eate, effectueront une recherche, et partageront leurs projets finaux avec la classe.<\/p>\n<p>Ce projet interdisciplinaire (sciences, sciences humaines, \u00e9ducation artistique, fran\u00e7ais, etc.) permettra aux \u00e9l\u00e8ves de d\u00e9velopper plusieurs habilet\u00e9s telles que:<\/p>\n<ul>\n<li>poser des questions ouvertes<\/li>\n<li>effectuer une recherche<\/li>\n<li>devenir \u00ab\u00a0expert\u00a0\u00bb d\u2019un sujet qui les int\u00e9resse<\/li>\n<li>respecter les dates d\u2019\u00e9ch\u00e9ances<\/li>\n<li>communiquer leurs apprentissages par \u00e9crit et \u00e0 l\u2019oral<\/li>\n<\/ul>\n","protected":false},"excerpt":{"rendered":"<p>Au cours de l\u2019ann\u00e9e, les \u00e9l\u00e8ves d\u00e9velopperont un projet personnel. \u00c0 partir d\u2019un sujet de leur choix, ils d\u00e9velopperont une question d\u2019enqu\u00eate, effectueront une recherche, et partageront leurs projets finaux avec la classe. Ce projet interdisciplinaire (sciences, sciences humaines, \u00e9ducation artistique, fran\u00e7ais, etc.) permettra aux \u00e9l\u00e8ves de d\u00e9velopper plusieurs habilet\u00e9s telles que: poser des questions &hellip; <a href=\"https:\/\/classesbranchees.csf.bc.ca\/classe-de-mme-carrie\/projet-personnel\/\" class=\"more-link\">Continuer la lecture de <span class=\"screen-reader-text\">Projet personnel<\/span> <span class=\"meta-nav\">&rarr;<\/span><\/a><\/p>\n","protected":false},"author":3,"featured_media":0,"parent":0,"menu_order":0,"comment_status":"closed","ping_status":"closed","template":"","meta":[],"_links":{"self":[{"href":"https:\/\/classesbranchees.csf.bc.ca\/classe-de-mme-carrie\/wp-json\/wp\/v2\/pages\/100"}],"collection":[{"href":"https:\/\/classesbranchees.csf.bc.ca\/classe-de-mme-carrie\/wp-json\/wp\/v2\/pages"}],"about":[{"href":"https:\/\/classesbranchees.csf.bc.ca\/classe-de-mme-carrie\/wp-json\/wp\/v2\/types\/page"}],"author":[{"embeddable":true,"href":"https:\/\/classesbranchees.csf.bc.ca\/classe-de-mme-carrie\/wp-json\/wp\/v2\/users\/3"}],"replies":[{"embeddable":true,"href":"https:\/\/classesbranchees.csf.bc.ca\/classe-de-mme-carrie\/wp-json\/wp\/v2\/comments?post=100"}],"version-history":[{"count":2,"href":"https:\/\/classesbranchees.csf.bc.ca\/classe-de-mme-carrie\/wp-json\/wp\/v2\/pages\/100\/revisions"}],"predecessor-version":[{"id":117,"href":"https:\/\/classesbranchees.csf.bc.ca\/classe-de-mme-carrie\/wp-json\/wp\/v2\/pages\/100\/revisions\/117"}],"wp:attachment":[{"href":"https:\/\/classesbranchees.csf.bc.ca\/classe-de-mme-carrie\/wp-json\/wp\/v2\/media?parent=100"}],"curies":[{"name":"wp","href":"https:\/\/api.w.org\/{rel}","templated":true}]}}