{"id":326,"date":"2017-09-20T12:27:31","date_gmt":"2017-09-20T19:27:31","guid":{"rendered":"http:\/\/classesbranchees.csf.bc.ca\/capsciences\/?page_id=326"},"modified":"2017-09-20T12:39:35","modified_gmt":"2017-09-20T19:39:35","slug":"laboratoires","status":"publish","type":"page","link":"https:\/\/classesbranchees.csf.bc.ca\/capsciences\/laboratoires\/","title":{"rendered":"Laboratoires"},"content":{"rendered":"<table style=\"width: 539px\">\n<tbody>\n<tr>\n<td style=\"width: 98px\">Chimie<\/td>\n<td style=\"width: 343px\">\u00c9tude de l&rsquo;influence de la temp\u00e9rature sur la vitamine C des oranges<\/td>\n<td style=\"width: 67px;text-align: center\">d\u00e9j\u00e0 fait<\/td>\n<\/tr>\n<tr>\n<td style=\"width: 98px\">Chimie<\/td>\n<td style=\"width: 343px\">\u00c9tude de la filtration du plomb dans l&rsquo;eau \u00e0 travers de la mouture de caf\u00e9<\/td>\n<td style=\"width: 67px;text-align: center\">d\u00e9j\u00e0 fait<\/td>\n<\/tr>\n<tr>\n<td style=\"width: 98px\">Physique<\/td>\n<td style=\"width: 343px\">Construction de lumi\u00e8res de No\u00ebl utilisant la puissance solaire<\/td>\n<td style=\"width: 67px;text-align: center\">?<\/td>\n<\/tr>\n<tr>\n<td style=\"width: 98px\"><\/td>\n<td style=\"width: 343px\"><\/td>\n<td style=\"width: 67px;text-align: center\"><\/td>\n<\/tr>\n<tr>\n<td style=\"width: 98px\"><\/td>\n<td style=\"width: 343px\"><\/td>\n<td style=\"width: 67px;text-align: center\"><\/td>\n<\/tr>\n<tr>\n<td style=\"width: 98px\"><\/td>\n<td style=\"width: 343px\"><\/td>\n<td style=\"width: 67px;text-align: center\"><\/td>\n<\/tr>\n<\/tbody>\n<\/table>\n","protected":false},"excerpt":{"rendered":"<p>Chimie \u00c9tude de l&rsquo;influence de la temp\u00e9rature sur la vitamine C des oranges d\u00e9j\u00e0 fait Chimie \u00c9tude de la filtration du plomb dans l&rsquo;eau \u00e0 travers de la mouture de caf\u00e9 d\u00e9j\u00e0 fait Physique Construction de lumi\u00e8res de No\u00ebl utilisant la puissance solaire ?<\/p>\n","protected":false},"author":50,"featured_media":0,"parent":0,"menu_order":0,"comment_status":"closed","ping_status":"closed","template":"","meta":[],"_links":{"self":[{"href":"https:\/\/classesbranchees.csf.bc.ca\/capsciences\/wp-json\/wp\/v2\/pages\/326"}],"collection":[{"href":"https:\/\/classesbranchees.csf.bc.ca\/capsciences\/wp-json\/wp\/v2\/pages"}],"about":[{"href":"https:\/\/classesbranchees.csf.bc.ca\/capsciences\/wp-json\/wp\/v2\/types\/page"}],"author":[{"embeddable":true,"href":"https:\/\/classesbranchees.csf.bc.ca\/capsciences\/wp-json\/wp\/v2\/users\/50"}],"replies":[{"embeddable":true,"href":"https:\/\/classesbranchees.csf.bc.ca\/capsciences\/wp-json\/wp\/v2\/comments?post=326"}],"version-history":[{"count":3,"href":"https:\/\/classesbranchees.csf.bc.ca\/capsciences\/wp-json\/wp\/v2\/pages\/326\/revisions"}],"predecessor-version":[{"id":329,"href":"https:\/\/classesbranchees.csf.bc.ca\/capsciences\/wp-json\/wp\/v2\/pages\/326\/revisions\/329"}],"wp:attachment":[{"href":"https:\/\/classesbranchees.csf.bc.ca\/capsciences\/wp-json\/wp\/v2\/media?parent=326"}],"curies":[{"name":"wp","href":"https:\/\/api.w.org\/{rel}","templated":true}]}}